16, what is -313487 + 3?
-313484
In base 8, what is 103 + 507615?
507720
In base 7, what is -105221 + 55535?
-16353
In base 8, what is -651 - -73124?
72253
In base 12, what is 6936 + -515a2?
-46868
In base 11, what is -144a639a8 + 3?
-144a639a5
In base 12, what is -3648 - -4586?
b3a
In base 7, what is 141 - 3354425?
-3354254
In base 14, what is 36829 - -1a?
36845
In base 10, what is -9 + -5968736?
-5968745
In base 2, what is 100 - 1101100100001001010100110?
-1101100100001001010100010
In base 14, what is a9ad + -c3?
a8ca
In base 15, what is 13 + 370280?
370293
In base 14, what is -9921c - -1a?
-99202
In base 10, what is 204791488 - 3?
204791485
In base 16, what is -174e4d2 - -3?
-174e4cf
In base 13, what is 17b - -13329?
134a7
In base 10, what is -3523 - -49990?
46467
In base 9, what is 350 - -23126?
23476
In base 11, what is -75 + -1264710?
-1264785
In base 4, what is 1013302 - -123113?
1203021
In base 9, what is -48525 + 22404?
-26121
In base 3, what is -122 - 1012221211201102?
-1012221211202001
In base 9, what is 43044 + -7?
43036
In base 12, what is 8353a + -9?
83531
In base 10, what is -42 - -54236?
54194
In base 2, what is -110 - -10111000101111011101110?
10111000101111011101000
In base 11, what is 406 + 156597?
1569a2
In base 3, what is 21121221 + 2220012?
101112010
In base 10, what is 22358 - 50527?
-28169
In base 6, what is -4 + 2533511522?
2533511514
In base 14, what is -4811d31 - 1?
-4811d32
In base 2, what is 10000001111111010000 - -100000?
10000001111111110000
In base 10, what is -24548367 + -6?
-24548373
In base 10, what is 71 + 86225?
86296
In base 5, what is -12 + 413342133?
413342121
In base 8, what is 5 + 653611101?
653611106
In base 10, what is 1 + 5283207?
5283208
In base 6, what is 31013313 + -10211?
31003102
In base 11, what is 6 - 540642?
-540637
In base 4, what is 10 - -20110113003?
20110113013
In base 12, what is -16 + 610b078?
610b062
In base 11, what is 29 + a5623a?
a56268
In base 16, what is 13ad + -6341?
-4f94
In base 15, what is 137 - -1bb1?
1ce8
In base 11, what is -109179 - 17?
-109195
In base 7, what is 2325543 + -2?
2325541
In base 12, what is 13a - 41709?
-4158b
In base 16, what is -68f779 + c?
-68f76d
In base 5, what is -3 - -133312441?
133312433
In base 11, what is 53736 + 46?
53781
In base 8, what is 7747132 - 121?
7747011
In base 14, what is -4 - -31d931?
31d92b
In base 10, what is 135557 - 2188?
133369
In base 13, what is 2473bc1 + 5?
2473bc6
In base 12, what is -12 + -30b240?
-30b252
In base 16, what is -16c2029 - -4?
-16c2025
In base 9, what is -4524 + 356237?
351613
In base 8, what is 13 - -25625026?
25625041
In base 2, what is -1000 + -1010110101000001111000110011?
-1010110101000001111000111011
In base 16, what is 2581 - e23?
175e
In base 6, what is 334301253 + -5?
334301244
In base 9, what is -706222 + -14?
-706236
In base 13, what is 1c01248a - -4?
1c012491
In base 7, what is -5116302 + -32?
-5116334
In base 6, what is 100410333 + -124?
100410205
In base 11, what is -a9 + -37743?
-37841
In base 14, what is 26a9 - -12c52?
1551b
In base 6, what is -135215 - 1120152?
-1255411
In base 14, what is -2160852 + -8?
-216085a
In base 8, what is -5 + 16070712?
16070705
In base 6, what is -213320035 - -13?
-213320022
In base 14, what is 17c6 + 64ad?
7c95
In base 16, what is b56388 - -2?
b5638a
In base 9, what is 127615658 + -5?
127615653
In base 16, what is 5 - -4212518?
421251d
In base 16, what is -6e97a03 + 0?
-6e97a03
In base 5, what is 42444214 + -1?
42444213
In base 4, what is -301 + -1121021303?
-1121022210
In base 10, what is 0 + 135362947?
135362947
In base 9, what is -8488 - -4814?
-3574
In base 9, what is -3048643 - 0?
-3048643
In base 6, what is 23440315 + -5?
23440310
In base 13, what is -48a745b + 5?
-48a7456
In base 2, what is -10101011100 - -1010001111111011?
1001111010011111
In base 12, what is -115 + b89977?
b89862
In base 15, what is 1 + 9db47c?
9db47d
In base 8, what is -64001243 + 3?
-64001240
In base 12, what is -35 + 23b5b25?
23b5ab0
In base 2, what is -11000100101001010111 + 11?
-11000100101001010100
In base 11, what is 4832751 + 2?
4832753
In base 10, what is 29685 - -1830?
31515
In base 7, what is -540550103 + -3?
-540550106
In base 9, what is -3 - 4118443?
-4118446
In base 11, what is 735 - -15940?
16575
In base 3, what is -102212001011 + 100210?
-102211200101
In base 6, what is 1 - -2325002551?
2325002552
In base 10, what is 10 + 142578029?
142578039
In base 14, what is -4 + 260dc54?
260dc50
In base 13, what is 1007725 - 34?
10076c1
In base 5, what is 2144241131 + 34?
2144241220
In base 15, what is -12 + -285bca?
-285bdc
In base 16, what is 422bc9 + 16?
422bdf
In base 10, what is -211288 + 73?
-211215
In base 14, what is -21aa + 23644?
21478
In base 7, what is 22 + 1225336?
1225361
In base 8, what is -2 + -30330272?
-30330274
In base 6, what is 2 + 415142224?
415142230
In base 4, what is 12123 + 1222233?
1301022
In base 10, what is 3567235 + 1?
3567236
In base 12, what is -814 - 27642?
-28256
In base 10, what is -4 - -29750606?
29750602
In base 5, what is -10 - 212400112003?
-212400112013
In base 5, what is -4 + -421340133?
-421340142
In base 2, what is -1000110111001111101 + 10011?
-1000110111001101010
In base 6, what is -14 - -2515422320?
2515422302
In base 4, what is -333 - -113302010013?
113302003020
In base 4, what is 1321132 + -330002?
331130
In base 3, what is -102022111010200 - 111?
-102022111011011
In base 5, what is -11322143134 - 0?
-11322143134
In base 4, what is 2 - -231233321220?
231233321222
In base 6, what is -1015221131 - -10?
-1015221121
In base 4, what is -20 - -11302121101?
11302121021
In base 6, what is -3 - -125454400?
125454353
In base 2, what is -1011001 + 100001110111011011?
100001110110000010
In base 6, what is -55 - -100034045?
100033550
In base 12, what is 149237 + 45a?
149695
In base 9, what is -3 + -516616?
-516620
In base 8, what is 234674 - 4327?
230345
In base 2, what is -10010111010011100 - -101101111000?
-10010001100100100
In base 11, what is 48 - 15744?
-156a7
In base 13, what is b832 + 1a?
b84c
In base 12, what is 1251 + -757?
6b6
In base 12, what is -b6871b + -1?
-b68720
In base 3, what is 2101220022222 + -1111?
2101220021111
In base 16, what is 1 + -2be8b5?
-2be8b4
In base 10, what is -29612 + -48427?
-78039
In base 10, what is -4133654 - 1?
-4133655
In base 10, what is 40567525 + -8?
40567517
In base 6, what is -13443442550 + 4?
-13443442542
In base 14, what is -44ba + 62?
-4458
In base 3, what is -202020220111000202 + 2?
-202020220111000200
In base 2, what is -11 - 10100000100001100101001?
-10100000100001100101100
In base 12, what is 16b93 + b7?
1708a
In base 2, what is -1111001111001 + 100101011000101?
10110001001100
In base 10, what is -68726 + -1833?
-70559
In base 9, what is 255 - 1772258?
-1772003
In base 8, what is -2 - 175610173?
-175610175
In base 16, what is 3 - 1ef80d4?
-1ef80d1
In base 13, what is 915701ab - 5?
915701a6
In base 15, what is 4a79 + d20?
5899
In base 5, what is 114312231311 + 3?
114312231314
In base 16, what is -bd752 - -2?
-bd750
In base 16, what is 3eb + 12846?
12c31
In base 16, what is -10bab - 29?
-10bd4
In base 8, what is -11 + -237106561?
-237106572
In base 9, what is -10220305 - 46?
-10220352
In base 2, what is 1100111011001100101 + 1111?
1100111011001110100
In base 2, what is -10101100100111100010000111010 - 101?
-10101100100111100010000111111
In base 9, what is 28287834 + -1?
28287833
In base 7, what is 252244 + 11000?
263244
In base 13, what is -2b5 - 206c1?
-209a6
In base 15, what is -122a426 - -5?
-122a421
In base 15, what is -99 - 14484e?
-1448e8
In base 14, what is -9 - -cb3145?
cb313a
In base 3, what is -2000202122 - -2112?
-2000200010
In base 15, what is 1 + 68ec2ac?
68ec2ad
In base 2, what is -101100110010011101 - 1?
-101100110010011110
In base 3, what is 2021101221 + -10020111?
2011011110
In base 9, what is 124081 + 517?
124608
In base 15, what is -4 + 2e013c2?
2e013bd
In base 2, what is -10011011100111 + 101000111001?
-1110010101110
In base 13, what is -72 + -1b26630?
-1b266a2
In base 7, what is 10 + 634135512?
634135522
In base 10, what is 4 - -15659812?
15659816
In base 7, what is -140626634 - -3?
-140626631
In base 10, what is -757305 - 83?
-757388
In base 15, what is 3 - d5d2d3?
-d5d2d0
In ba